{"id":2476,"date":"2019-09-12T15:44:23","date_gmt":"2019-09-12T13:44:23","guid":{"rendered":"http:\/\/blog.diewiens.de\/?page_id=2476"},"modified":"2019-09-12T15:48:02","modified_gmt":"2019-09-12T13:48:02","slug":"baltikum-und-st-petersburg-2019","status":"publish","type":"page","link":"http:\/\/blog.diewiens.de\/?page_id=2476","title":{"rendered":"Baltikum und St. Petersburg 2019"},"content":{"rendered":"<div class=\"associated-posts title-excerpt-thumbnail\"><div class=\"associated-post\"><h2 class=\"post-title\"><a href=\"http:\/\/blog.diewiens.de\/?p=2427\" title=\"Letzter Sonnenschein in Klaipeda (17. August)\">Letzter Sonnenschein in Klaipeda (17. August)<\/a><\/h2><div class=\"thumb-frame\"><a href=\"http:\/\/blog.diewiens.de\/?p=2427\" title=\"Letzter Sonnenschein in Klaipeda (17. August)\"><img src=\"http:\/\/www.blog.diewiens.de\/wp-content\/uploads\/2019\/08\/img_20190817_1139067239464189619808234-200x150.jpg\" width=\"200\" height=\"150\" alt=\"Letzter Sonnenschein in Klaipeda (17. August)\" title=\"Letzter Sonnenschein in Klaipeda (17. August)\" class=\"thumb post-preview-image alignleft\"><\/a><\/div><div class=\"post-excerpt\"><p>Heute Vormittag sind wir in das ca 30 km entfernte Klaipeda, den Start- und R\u00fcckkehrpunkt unserer diesj\u00e4hrigen Reise gefahren. Nachdem wir ein wenig in Klaipeda spazieren gegangen sind, hat uns die Sonne und der Ostseestrand noch einmal eingeladen zu faulenzen. &hellip; <a href=\"http:\/\/blog.diewiens.de\/?p=2427\">Weiterlesen <span class=\"meta-nav\">&rarr;<\/span><\/a><\/p><\/div><\/div><div class=\"associated-post\"><h2 class=\"post-title\"><a href=\"http:\/\/blog.diewiens.de\/?p=2419\" title=\"Relaxen am Strand von Palanga (16. August)\">Relaxen am Strand von Palanga (16. August)<\/a><\/h2><div class=\"thumb-frame\"><a href=\"http:\/\/blog.diewiens.de\/?p=2419\" title=\"Relaxen am Strand von Palanga (16. August)\"><img src=\"http:\/\/www.blog.diewiens.de\/wp-content\/uploads\/2019\/08\/img-20190815-wa00055369171224562003266-200x150.jpg\" width=\"200\" height=\"150\" alt=\"Relaxen am Strand von Palanga (16. August)\" title=\"Relaxen am Strand von Palanga (16. August)\" class=\"thumb post-preview-image alignleft\"><\/a><\/div><div class=\"post-excerpt\"><p>Der Tag heute hat sich nicht wirklich vom gestrigen Tag unterschieden. Wir sind ein wenig mit den Fahrr\u00e4dern an der K\u00fcste entlang gefahren und haben es uns im Park und am Strand gem\u00fctlich gemacht.<\/p><\/div><\/div><div class=\"associated-post\"><h2 class=\"post-title\"><a href=\"http:\/\/blog.diewiens.de\/?p=2401\" title=\"Mit dem Fahrrad nach Palanga (15. August)\">Mit dem Fahrrad nach Palanga (15. August)<\/a><\/h2><div class=\"thumb-frame\"><a href=\"http:\/\/blog.diewiens.de\/?p=2401\" title=\"Mit dem Fahrrad nach Palanga (15. August)\"><img src=\"http:\/\/www.blog.diewiens.de\/wp-content\/uploads\/2019\/08\/img_20190815_115027315945976906739932-200x150.jpg\" width=\"200\" height=\"150\" alt=\"Mit dem Fahrrad nach Palanga (15. August)\" title=\"Mit dem Fahrrad nach Palanga (15. August)\" class=\"thumb post-preview-image alignleft\"><\/a><\/div><div class=\"post-excerpt\"><p>Nach dem Fr\u00fchst\u00fcck haben wir uns 2 Fahrr\u00e4der an der Rezeption geliehen und sind \u00fcber den direkt am Campingplatz vorbei f\u00fchrenden Radweg in Richtung Palanga aufgebrochen. Der Radweg f\u00fchrt durch einen wundersch\u00f6nen Kiefernwald und gibt immer wieder den Blick auf &hellip; <a href=\"http:\/\/blog.diewiens.de\/?p=2401\">Weiterlesen <span class=\"meta-nav\">&rarr;<\/span><\/a><\/p><\/div><\/div><div class=\"associated-post\"><h2 class=\"post-title\"><a href=\"http:\/\/blog.diewiens.de\/?p=2386\" title=\"Die Kurischen Nehrung (14. August)\">Die Kurischen Nehrung (14. August)<\/a><\/h2><div class=\"thumb-frame\"><a href=\"http:\/\/blog.diewiens.de\/?p=2386\" title=\"Die Kurischen Nehrung (14. August)\"><img src=\"http:\/\/www.blog.diewiens.de\/wp-content\/uploads\/2019\/08\/img_20190814_160843601637827947357647-200x150.jpg\" width=\"200\" height=\"150\" alt=\"Die Kurischen Nehrung (14. August)\" title=\"Die Kurischen Nehrung (14. August)\" class=\"thumb post-preview-image alignleft\"><\/a><\/div><div class=\"post-excerpt\"><p>Die Nacht war kurz auf unserem provisorischen Stellplatz. Wir sind sehr sp\u00e4t angekommen und der Campingplatz in Nida war komplett ausgebucht. Wir haben dann die Nacht vorne am Parkplatz verbracht und sind um 7:30 in Richtung Ort aufgebrochen um zu &hellip; <a href=\"http:\/\/blog.diewiens.de\/?p=2386\">Weiterlesen <span class=\"meta-nav\">&rarr;<\/span><\/a><\/p><\/div><\/div><div class=\"associated-post\"><h2 class=\"post-title\"><a href=\"http:\/\/blog.diewiens.de\/?p=2384\" title=\"Zur\u00fcck nach Litauen(13. August)\">Zur\u00fcck nach Litauen(13. August)<\/a><\/h2><div class=\"thumb-frame\"><a href=\"http:\/\/blog.diewiens.de\/?p=2384\" title=\"Zur\u00fcck nach Litauen(13. August)\"><img src=\"http:\/\/www.blog.diewiens.de\/wp-content\/uploads\/2019\/08\/img_20190813_1636174143648282582321176-200x150.jpg\" width=\"200\" height=\"150\" alt=\"Zur\u00fcck nach Litauen(13. August)\" title=\"Zur\u00fcck nach Litauen(13. August)\" class=\"thumb post-preview-image alignleft\"><\/a><\/div><div class=\"post-excerpt\"><p>Wir sind fr\u00fch in Tallinn aufgebrochen und haben uns auf den R\u00fcckweg zur Kurischen Nerung gemacht. Da das Wetter in Litauen mit Abstand am besten sein sollte, haben wir die gut 650 km gen S\u00fcden an einem Tag auf uns &hellip; <a href=\"http:\/\/blog.diewiens.de\/?p=2384\">Weiterlesen <span class=\"meta-nav\">&rarr;<\/span><\/a><\/p><\/div><\/div><div class=\"associated-post\"><h2 class=\"post-title\"><a href=\"http:\/\/blog.diewiens.de\/?p=2377\" title=\"Do svidaniya St. Petersburg (12. August)\">Do svidaniya St. Petersburg (12. August)<\/a><\/h2><div class=\"thumb-frame\"><a href=\"http:\/\/blog.diewiens.de\/?p=2377\" title=\"Do svidaniya St. Petersburg (12. August)\"><img src=\"http:\/\/www.blog.diewiens.de\/wp-content\/uploads\/2019\/08\/img_20190810_160739762114491212037979-200x150.jpg\" width=\"200\" height=\"150\" alt=\"Do svidaniya St. Petersburg (12. August)\" title=\"Do svidaniya St. Petersburg (12. August)\" class=\"thumb post-preview-image alignleft\"><\/a><\/div><div class=\"post-excerpt\"><p>Zuerst: St. Petersburg ist auf jeden Fall eine Reise wert. Am Anfang ist man erst einmal erschlagen von der Dynamik, Hektik und den vielen Menschen dieser Stadt. Immerhin leben hier 6 Millionen Menschen und dazu kommen die vielen, vielen Touristen &hellip; <a href=\"http:\/\/blog.diewiens.de\/?p=2377\">Weiterlesen <span class=\"meta-nav\">&rarr;<\/span><\/a><\/p><\/div><\/div><div class=\"associated-post\"><h2 class=\"post-title\"><a href=\"http:\/\/blog.diewiens.de\/?p=2357\" title=\"St. Petersburg im Umland (11. August)\">St. Petersburg im Umland (11. August)<\/a><\/h2><div class=\"thumb-frame\"><a href=\"http:\/\/blog.diewiens.de\/?p=2357\" title=\"St. Petersburg im Umland (11. August)\"><img src=\"http:\/\/www.blog.diewiens.de\/wp-content\/uploads\/2019\/08\/img_20190811_0817106461840745059980031-200x150.jpg\" width=\"200\" height=\"150\" alt=\"St. Petersburg im Umland (11. August)\" title=\"St. Petersburg im Umland (11. August)\" class=\"thumb post-preview-image alignleft\"><\/a><\/div><div class=\"post-excerpt\"><p>Gestern erreichte uns die Nachricht, dass unsere F\u00fchrung im Katharinenpalast auf 10:00 vorverlegt wurde. Als Entschuldigung w\u00fcrde man uns aber ein Taxi zum Hotel schicken. Dazu muss man wissen, dass der Palast ca. 35 km au\u00dferhalb von St. Petersburg liegt. &hellip; <a href=\"http:\/\/blog.diewiens.de\/?p=2357\">Weiterlesen <span class=\"meta-nav\">&rarr;<\/span><\/a><\/p><\/div><\/div><div class=\"associated-post\"><h2 class=\"post-title\"><a href=\"http:\/\/blog.diewiens.de\/?p=2336\" title=\"St. Petersburg auf Schusters Rappen (10. August)\">St. Petersburg auf Schusters Rappen (10. August)<\/a><\/h2><div class=\"thumb-frame\"><a href=\"http:\/\/blog.diewiens.de\/?p=2336\" title=\"St. Petersburg auf Schusters Rappen (10. August)\"><img src=\"http:\/\/www.blog.diewiens.de\/wp-content\/uploads\/2019\/08\/img_20190809_220623803252100638302508-200x150.jpg\" width=\"200\" height=\"150\" alt=\"St. Petersburg auf Schusters Rappen (10. August)\" title=\"St. Petersburg auf Schusters Rappen (10. August)\" class=\"thumb post-preview-image alignleft\"><\/a><\/div><div class=\"post-excerpt\"><p>Uns tun die F\u00fc\u00dfe weh!! Heute sind wir trotz Nutzung eines Taxis und der U-Bahn gef\u00fchlt einmal komplett durch die Stadt gelaufen. Aber der Reihe nach. Gestartet sind wir mit einem kleinen Spaziergang Richtung Newa um ein nettes Caf\u00e9 f\u00fcr &hellip; <a href=\"http:\/\/blog.diewiens.de\/?p=2336\">Weiterlesen <span class=\"meta-nav\">&rarr;<\/span><\/a><\/p><\/div><\/div><div class=\"associated-post\"><h2 class=\"post-title\"><a href=\"http:\/\/blog.diewiens.de\/?p=2310\" title=\"St. Petersburg mit local Guide (9. August)\">St. Petersburg mit local Guide (9. August)<\/a><\/h2><div class=\"thumb-frame\"><a href=\"http:\/\/blog.diewiens.de\/?p=2310\" title=\"St. Petersburg mit local Guide (9. August)\"><img src=\"http:\/\/www.blog.diewiens.de\/wp-content\/uploads\/2019\/08\/img_20190809_120829156558506356966322-200x150.jpg\" width=\"200\" height=\"150\" alt=\"St. Petersburg mit local Guide (9. August)\" title=\"St. Petersburg mit local Guide (9. August)\" class=\"thumb post-preview-image alignleft\"><\/a><\/div><div class=\"post-excerpt\"><p>W\u00e4rend ich hier schreibe warten wir in einem Georgischen Restaurant auf unser wohlverdientes Abendessen. Wir sind fr\u00fch aufgestanden und gleich los um unser erstes Breakfast irgendwo in der N\u00e4he zu finden. Anschlie\u00dfend sind wir quer durch die Stadt gelaufen zu &hellip; <a href=\"http:\/\/blog.diewiens.de\/?p=2310\">Weiterlesen <span class=\"meta-nav\">&rarr;<\/span><\/a><\/p><\/div><\/div><div class=\"associated-post\"><h2 class=\"post-title\"><a href=\"http:\/\/blog.diewiens.de\/?p=2307\" title=\"Mit dem Bus von Tallinn nach St. Petersburg (08. August)\">Mit dem Bus von Tallinn nach St. Petersburg (08. August)<\/a><\/h2><div class=\"thumb-frame\"><a href=\"http:\/\/blog.diewiens.de\/?p=2307\" title=\"Mit dem Bus von Tallinn nach St. Petersburg (08. August)\"><img src=\"http:\/\/www.blog.diewiens.de\/wp-content\/uploads\/2019\/08\/img_20190808_1555275535283431779789660-200x150.jpg\" width=\"200\" height=\"150\" alt=\"Mit dem Bus von Tallinn nach St. Petersburg (08. August)\" title=\"Mit dem Bus von Tallinn nach St. Petersburg (08. August)\" class=\"thumb post-preview-image alignleft\"><\/a><\/div><div class=\"post-excerpt\"><p>Der Plan war 4:30 aufzustehen und mit dem bestellten Taxi um 5:00 zum Busbahnhof zu fahren. Doch leider hat das Taxi den Einsatz verpasst!! Als wir dann um 5:15 den quasi vor Freude spr\u00fchenden Campingplatzbesitzer aus dem Bett geklingelt hatten, &hellip; <a href=\"http:\/\/blog.diewiens.de\/?p=2307\">Weiterlesen <span class=\"meta-nav\">&rarr;<\/span><\/a><\/p><\/div><\/div><div class=\"associated-post\"><h2 class=\"post-title\"><a href=\"http:\/\/blog.diewiens.de\/?p=2299\" title=\"Riga Tallinn eher unspektakul\u00e4r (07. August)\">Riga Tallinn eher unspektakul\u00e4r (07. August)<\/a><\/h2><div class=\"thumb-frame\"><a href=\"http:\/\/blog.diewiens.de\/?p=2299\" title=\"Riga Tallinn eher unspektakul\u00e4r (07. August)\"><img src=\"http:\/\/www.blog.diewiens.de\/wp-content\/uploads\/2019\/08\/IMG_20190807_163507-200x150.jpg\" width=\"200\" height=\"150\" alt=\"Riga Tallinn eher unspektakul\u00e4r (07. August)\" title=\"Riga Tallinn eher unspektakul\u00e4r (07. August)\" class=\"thumb post-preview-image alignleft\"><\/a><\/div><div class=\"post-excerpt\"><p>Etwas \u00fcber 300 km sind es von Riga aus nach Tallinn. Man f\u00e4hrt quasi Schnur stracks in den Norden \u00fcber eine gut ausgebaute Stra\u00dfe. Das Highlight der Fahrt waren die Elche die Anja unweit der Stra\u00dfe im Dickicht entdeckt hat. &hellip; <a href=\"http:\/\/blog.diewiens.de\/?p=2299\">Weiterlesen <span class=\"meta-nav\">&rarr;<\/span><\/a><\/p><\/div><\/div><div class=\"associated-post\"><h2 class=\"post-title\"><a href=\"http:\/\/blog.diewiens.de\/?p=2281\" title=\"Zum Rammstein Konzert nach Riga (6. August)\">Zum Rammstein Konzert nach Riga (6. August)<\/a><\/h2><div class=\"thumb-frame\"><a href=\"http:\/\/blog.diewiens.de\/?p=2281\" title=\"Zum Rammstein Konzert nach Riga (6. August)\"><img src=\"http:\/\/www.blog.diewiens.de\/wp-content\/uploads\/2019\/08\/IMG_20190806_230947-200x150.jpg\" width=\"200\" height=\"150\" alt=\"Zum Rammstein Konzert nach Riga (6. August)\" title=\"Zum Rammstein Konzert nach Riga (6. August)\" class=\"thumb post-preview-image alignleft\"><\/a><\/div><div class=\"post-excerpt\"><p>Nach einem kurzen Fr\u00fchst\u00fcck (es gab nur Kaffee) sind wir \u00fcber Mazeikiai (da gab es dann noch was S\u00fc\u00dfes zum Fr\u00fchst\u00fcck) in Richtung Riga aufgebrochen. Unterwegs hat es uns auf gut 50 km unbefestigter Schotterpiste ordentlich durchger\u00fcttelt. Aber immerhin war &hellip; <a href=\"http:\/\/blog.diewiens.de\/?p=2281\">Weiterlesen <span class=\"meta-nav\">&rarr;<\/span><\/a><\/p><\/div><\/div><div class=\"associated-post\"><h2 class=\"post-title\"><a href=\"http:\/\/blog.diewiens.de\/?p=2269\" title=\"Kiel &#8211; Klaipeda (04. August)\">Kiel &#8211; Klaipeda (04. August)<\/a><\/h2><div class=\"thumb-frame\"><a href=\"http:\/\/blog.diewiens.de\/?p=2269\" title=\"Kiel &#8211; Klaipeda (04. August)\"><img src=\"http:\/\/www.blog.diewiens.de\/wp-content\/uploads\/2019\/08\/IMG_20190805_204741-200x150.jpg\" width=\"200\" height=\"150\" alt=\"Kiel &#8211; Klaipeda (04. August)\" title=\"Kiel &#8211; Klaipeda (04. August)\" class=\"thumb post-preview-image alignleft\"><\/a><\/div><div class=\"post-excerpt\"><p>Mit der Regina Seaways ging es von Kiel aus um 21:00 Uhr los. Quer durch die Ostsee werden wir in gut 21 h in Klaipeda um 18:00 Uhr Ortszeit ankommen. Die See und damit auch die Nacht ist und war &hellip; <a href=\"http:\/\/blog.diewiens.de\/?p=2269\">Weiterlesen <span class=\"meta-nav\">&rarr;<\/span><\/a><\/p><\/div><\/div><\/div>\n","protected":false},"excerpt":{"rendered":"<p>Letzter Sonnenschein in Klaipeda (17. August)Heute Vormittag sind wir in das ca 30 km entfernte Klaipeda, den Start- und R\u00fcckkehrpunkt unserer diesj\u00e4hrigen Reise gefahren. Nachdem wir ein wenig in Klaipeda spazieren gegangen sind, hat uns die Sonne und der Ostseestrand &hellip; <a href=\"http:\/\/blog.diewiens.de\/?page_id=2476\">Weiterlesen <span class=\"meta-nav\">&rarr;<\/span><\/a><\/p>\n","protected":false},"author":3,"featured_media":0,"parent":19,"menu_order":20,"comment_status":"closed","ping_status":"closed","template":"","meta":{"footnotes":""},"class_list":["post-2476","page","type-page","status-publish","hentry"],"_links":{"self":[{"href":"http:\/\/blog.diewiens.de\/index.php?rest_route=\/wp\/v2\/pages\/2476","targetHints":{"allow":["GET"]}}],"collection":[{"href":"http:\/\/blog.diewiens.de\/index.php?rest_route=\/wp\/v2\/pages"}],"about":[{"href":"http:\/\/blog.diewiens.de\/index.php?rest_route=\/wp\/v2\/types\/page"}],"author":[{"embeddable":true,"href":"http:\/\/blog.diewiens.de\/index.php?rest_route=\/wp\/v2\/users\/3"}],"replies":[{"embeddable":true,"href":"http:\/\/blog.diewiens.de\/index.php?rest_route=%2Fwp%2Fv2%2Fcomments&post=2476"}],"version-history":[{"count":0,"href":"http:\/\/blog.diewiens.de\/index.php?rest_route=\/wp\/v2\/pages\/2476\/revisions"}],"up":[{"embeddable":true,"href":"http:\/\/blog.diewiens.de\/index.php?rest_route=\/wp\/v2\/pages\/19"}],"wp:attachment":[{"href":"http:\/\/blog.diewiens.de\/index.php?rest_route=%2Fwp%2Fv2%2Fmedia&parent=2476"}],"curies":[{"name":"wp","href":"https:\/\/api.w.org\/{rel}","templated":true}]}}