{"id":741,"date":"2014-03-18T13:38:09","date_gmt":"2014-03-18T11:38:09","guid":{"rendered":"http:\/\/blog.diewiens.de\/?page_id=741"},"modified":"2017-09-11T10:37:31","modified_gmt":"2017-09-11T08:37:31","slug":"island-2014","status":"publish","type":"page","link":"http:\/\/blog.diewiens.de\/?page_id=741","title":{"rendered":"Island 2014"},"content":{"rendered":"<p>Noch unterhalb des n\u00f6rdlichen Polarkreises liegt die Insel Island. Mit etwas \u00fcber 100.000 m\u00b2 Gr\u00f6\u00dfe und ca. 320.000 Einwohnern ist Island \u00fcberschaubar und d\u00fcnn besiedelt. In der Hauptstadt Reykjavik leben gut 120.000 der Isl\u00e4nder. Was die Anzahl der Bewohner f\u00fcr den Rest der Insel sehr \u00fcberschaubar macht. Dort wird es uns im Sommer 2014 hinziehen. Reykjavik wird dabei nur Start und Endpunkt unserer Reise sein. Was da zwischen liegt wird unsere Neugier und das Wetter bestimmen. Wir werden berichten&#8230;:-)<\/p>\n<p><strong><a title=\"Reisevorbereitungen Island\" href=\"http:\/\/blog.diewiens.de\/?page_id=743\">Reisevorbereitung<\/a><\/strong><\/p>\n<p><strong><a title=\"Reisetagebuch Island 2014\" href=\"http:\/\/blog.diewiens.de\/?page_id=1096\">Reisetagebuch<\/a><\/strong><\/p>\n<p><strong><a title=\"Island 2014\" href=\"http:\/\/blog.diewiens.de\/?page_id=1119\">Fotogalerie<\/a><\/strong><\/p>\n\n","protected":false},"excerpt":{"rendered":"<p>Noch unterhalb des n\u00f6rdlichen Polarkreises liegt die Insel Island. Mit etwas \u00fcber 100.000 m\u00b2 Gr\u00f6\u00dfe und ca. 320.000 Einwohnern ist Island \u00fcberschaubar und d\u00fcnn besiedelt. In der Hauptstadt Reykjavik leben gut 120.000 der Isl\u00e4nder. Was die Anzahl der Bewohner f\u00fcr &hellip; <a href=\"http:\/\/blog.diewiens.de\/?page_id=741\">Weiterlesen <span class=\"meta-nav\">&rarr;<\/span><\/a><\/p>\n","protected":false},"author":3,"featured_media":0,"parent":19,"menu_order":25,"comment_status":"open","ping_status":"closed","template":"","meta":{"footnotes":""},"class_list":["post-741","page","type-page","status-publish","hentry"],"_links":{"self":[{"href":"http:\/\/blog.diewiens.de\/index.php?rest_route=\/wp\/v2\/pages\/741","targetHints":{"allow":["GET"]}}],"collection":[{"href":"http:\/\/blog.diewiens.de\/index.php?rest_route=\/wp\/v2\/pages"}],"about":[{"href":"http:\/\/blog.diewiens.de\/index.php?rest_route=\/wp\/v2\/types\/page"}],"author":[{"embeddable":true,"href":"http:\/\/blog.diewiens.de\/index.php?rest_route=\/wp\/v2\/users\/3"}],"replies":[{"embeddable":true,"href":"http:\/\/blog.diewiens.de\/index.php?rest_route=%2Fwp%2Fv2%2Fcomments&post=741"}],"version-history":[{"count":0,"href":"http:\/\/blog.diewiens.de\/index.php?rest_route=\/wp\/v2\/pages\/741\/revisions"}],"up":[{"embeddable":true,"href":"http:\/\/blog.diewiens.de\/index.php?rest_route=\/wp\/v2\/pages\/19"}],"wp:attachment":[{"href":"http:\/\/blog.diewiens.de\/index.php?rest_route=%2Fwp%2Fv2%2Fmedia&parent=741"}],"curies":[{"name":"wp","href":"https:\/\/api.w.org\/{rel}","templated":true}]}}